{"id":1591,"date":"2023-09-21T12:05:49","date_gmt":"2023-09-21T12:05:49","guid":{"rendered":"https:\/\/horecafs.org\/web\/?page_id=1591"},"modified":"2024-10-07T11:09:04","modified_gmt":"2024-10-07T11:09:04","slug":"vystupy","status":"publish","type":"page","link":"https:\/\/horecafs.org\/web\/sk\/vystupy\/","title":{"rendered":"V\u00fdstupy"},"content":{"rendered":"<p>[et_pb_section fb_built=&#8221;1&#8243; custom_padding_last_edited=&#8221;off|tablet&#8221; admin_label=&#8221;Header&#8221; _builder_version=&#8221;4.19.4&#8243; _module_preset=&#8221;default&#8221; background_enable_color=&#8221;off&#8221; use_background_color_gradient=&#8221;on&#8221; background_color_gradient_direction=&#8221;90deg&#8221; background_color_gradient_stops=&#8221;#2800ba 0%|rgba(0,0,0,0) 100%&#8221; background_color_gradient_overlays_image=&#8221;on&#8221; background_color_gradient_start=&#8221;#8300e9&#8243; background_color_gradient_end=&#8221;rgba(0,0,0,0)&#8221; background_image=&#8221;https:\/\/horecafs.org\/web\/wp-content\/uploads\/2023\/01\/blue-1_ext-1.png&#8221; custom_padding=&#8221;10vw||0px||false|false&#8221; custom_padding_tablet=&#8221;||||false|false&#8221; global_colors_info=&#8221;{}&#8221;][et_pb_row _builder_version=&#8221;4.16&#8243; _module_preset=&#8221;default&#8221; global_colors_info=&#8221;{}&#8221;][et_pb_column type=&#8221;4_4&#8243; _builder_version=&#8221;4.16&#8243; _module_preset=&#8221;default&#8221; global_colors_info=&#8221;{}&#8221;][et_pb_divider show_divider=&#8221;off&#8221; _builder_version=&#8221;4.19.4&#8243; _module_preset=&#8221;default&#8221; background_image=&#8221;https:\/\/horecafs.org\/wp-content\/uploads\/2022\/12\/high-school_48.png&#8221; background_size=&#8221;initial&#8221; background_position=&#8221;top_left&#8221; background_repeat=&#8221;repeat-x&#8221; custom_margin=&#8221;|380px|10px|-30vw|false|false&#8221; global_colors_info=&#8221;{}&#8221;][\/et_pb_divider][et_pb_text _builder_version=&#8221;4.19.4&#8243; _module_preset=&#8221;e598b17a-9229-42f6-b238-019d6094332e&#8221; header_font=&#8221;ABeeZee|500|||||||&#8221; header_text_color=&#8221;#FFFFFF&#8221; header_font_size=&#8221;80px&#8221; header_line_height=&#8221;1.15em&#8221; max_width=&#8221;800px&#8221; header_font_size_tablet=&#8221;40px&#8221; header_font_size_phone=&#8221;24px&#8221; header_font_size_last_edited=&#8221;on|desktop&#8221; locked=&#8221;off&#8221; global_colors_info=&#8221;{}&#8221;]<\/p>\n<h1>V\u00fdstupy<\/h1>\n<h1>V\u00fdsledky Projektu<\/h1>\n<p>[\/et_pb_text][\/et_pb_column][\/et_pb_row][\/et_pb_section][et_pb_section fb_built=&#8221;1&#8243; _builder_version=&#8221;4.19.4&#8243; _module_preset=&#8221;default&#8221; global_colors_info=&#8221;{}&#8221;][et_pb_row _builder_version=&#8221;4.19.4&#8243; _module_preset=&#8221;default&#8221; global_colors_info=&#8221;{}&#8221;][et_pb_column type=&#8221;4_4&#8243; _builder_version=&#8221;4.19.4&#8243; _module_preset=&#8221;default&#8221; global_colors_info=&#8221;{}&#8221;][et_pb_text _builder_version=&#8221;4.19.4&#8243; _module_preset=&#8221;default&#8221; hover_enabled=&#8221;0&#8243; global_colors_info=&#8221;{}&#8221; custom_padding=&#8221;6px|||||&#8221; sticky_enabled=&#8221;0&#8243;]<\/p>\n<h1>PR1: <a href=\"https:\/\/horecafs.org\/web\/wp-content\/uploads\/2024\/10\/Horeca-Food-Safety-and-Hygiene-Practices-Training-Programme-SK.pdf\" target=\"_blank\" rel=\"noopener\" title=\"\u0160koliaci program Horeca v oblasti bezpe\u010dnosti a hygieny potrav\u00edn\">\u0160koliaci program Horeca v oblasti bezpe\u010dnosti a hygieny potrav\u00edn<\/a><\/h1>\n<p><a href=\"https:\/\/horecafs.org\/web\/wp-content\/uploads\/2024\/10\/Horeca-Food-Safety-and-Hygiene-Practices-Training-Programme-SK.pdf\" rel=\"attachment wp-att-1857\">Horeca Food Safety and Hygiene Practices Training Programme SK<\/a><\/p>\n<p>[\/et_pb_text][et_pb_text _builder_version=&#8221;4.19.4&#8243; _module_preset=&#8221;default&#8221; hover_enabled=&#8221;0&#8243; global_colors_info=&#8221;{}&#8221; sticky_enabled=&#8221;0&#8243;]<\/p>\n<h1>PR2: <a href=\"https:\/\/horecafs.org\/web\/wp-content\/uploads\/2024\/10\/Guidebook-SK.pdf\" rel=\"attachment noopener wp-att-1858\" target=\"_blank\" title=\"Sprievodca\">Sprievodca<\/a><\/h1>\n<p><a href=\"https:\/\/horecafs.org\/web\/wp-content\/uploads\/2024\/10\/Guidebook-SK-1.pdf\" rel=\"attachment wp-att-1859\">Guidebook SK<\/a><\/p>\n<p>[\/et_pb_text][et_pb_text _builder_version=&#8221;4.19.4&#8243; _module_preset=&#8221;default&#8221; hover_enabled=&#8221;0&#8243; global_colors_info=&#8221;{}&#8221; sticky_enabled=&#8221;0&#8243;]<\/p>\n<h1>PR3: <a href=\"https:\/\/horecafs.org\/lms\/\" target=\"_blank\" rel=\"noopener\" title=\"e-learningov\u00e1 platforma\">e-learningov\u00e1 platforma<\/a><\/h1>\n<p>[\/et_pb_text][\/et_pb_column][\/et_pb_row][et_pb_row _builder_version=&#8221;4.19.4&#8243; _module_preset=&#8221;default&#8221; border_width_top=&#8221;5px&#8221; border_color_top=&#8221;#2800ba&#8221; border_width_left=&#8221;5px&#8221; border_color_left=&#8221;#2800BA&#8221; global_colors_info=&#8221;{}&#8221;][et_pb_column type=&#8221;4_4&#8243; _builder_version=&#8221;4.19.4&#8243; _module_preset=&#8221;default&#8221; global_colors_info=&#8221;{}&#8221;][et_pb_text _builder_version=&#8221;4.19.4&#8243; _module_preset=&#8221;default&#8221; custom_padding=&#8221;|||20px|false|false&#8221; global_colors_info=&#8221;{}&#8221;]<\/p>\n<p style=\"text-align: justify;\"><b>Profesion\u00e1li, ktor\u00ed pracuj\u00fa v sektore, bud\u00fa ma\u0165 \u0161kolenia, n\u00e1stroje a strat\u00e9gie:<\/b><\/p>\n<p style=\"text-align: justify;\"><span style=\"font-weight: 400;\">\u2013 Z\u00edskavanie nov\u00fdch odborn\u00fdch, soci\u00e1lnych a interkult\u00farnych kompetenci\u00ed v\u010faka porovn\u00e1vaniu strat\u00e9gi\u00ed a vzdel\u00e1vac\u00edch pr\u00edstupov s in\u00fdmi eur\u00f3pskymi pedag\u00f3gmi, zdie\u013eanie s ostatn\u00fdmi kolegami<\/span><\/p>\n<p style=\"text-align: justify;\"><span style=\"font-weight: 400;\">\u2013 Schopnos\u0165 integrova\u0165 sa a prisp\u00f4sobi\u0165 sa medzin\u00e1rodn\u00e9mu pracovisku, schopnos\u0165 prisp\u00f4sobi\u0165 sa zmen\u00e1m a flexibilita pri pr\u00e1ci na eur\u00f3pskej \u00farovni, ktor\u00e1 im to poskytuje;<\/span><\/p>\n<ul style=\"text-align: justify;\">\n<li style=\"font-weight: 400;\" aria-level=\"1\"><span style=\"font-weight: 400;\">Interperson\u00e1lne zru\u010dnosti v nov\u00fdch pracovn\u00fdch kontextoch;<\/span><\/li>\n<li style=\"font-weight: 400;\" aria-level=\"1\"><span style=\"font-weight: 400;\">Medzikult\u00farna a eur\u00f3pska senzibiliz\u00e1cia;<\/span><\/li>\n<li style=\"font-weight: 400;\" aria-level=\"1\"><span style=\"font-weight: 400;\">Zru\u010dnosti alebo IKT odvoden\u00e9 od skvel\u00e9ho vyu\u017e\u00edvania digit\u00e1lnych a multimedi\u00e1lnych n\u00e1strojov pou\u017e\u00edvan\u00fdch po\u010das projektu a pou\u017e\u00edvania v\u0161etk\u00fdch komunika\u010dn\u00fdch jazykov, ikonick\u00fdch, konven\u010dn\u00fdch a emocion\u00e1lnych.<\/span><\/li>\n<\/ul>\n<p style=\"text-align: justify;\"><span style=\"font-weight: 400;\">Vyvinut\u00e9 strat\u00e9gie sa zameriavaj\u00fa na zlep\u0161enie kvality a efekt\u00edvnosti \u0161koliacich prostred\u00ed, najm\u00e4 v oblastiach zvy\u0161ovania odborn\u00fdch zru\u010dnost\u00ed, zlep\u0161ovania kvality pracovn\u00e9ho prostredia a podmienok prostredn\u00edctvom zlep\u0161ovania \u00farovne vedomost\u00ed pracovn\u00edkov HORECA o bezpe\u010dnosti potrav\u00edn a hygienick\u00fdch postupoch zv\u00fd\u0161ia mo\u017enosti lep\u0161ieho a pohodlnej\u0161ieho \u017eivota v Eur\u00f3pe.<\/span><\/p>\n<p style=\"text-align: justify;\">\n<p>[\/et_pb_text][\/et_pb_column][\/et_pb_row][\/et_pb_section]<\/p>\n","protected":false},"excerpt":{"rendered":"<p>V\u00fdstupy V\u00fdsledky ProjektuPR1: \u0160koliaci program Horeca v oblasti bezpe\u010dnosti a hygieny potrav\u00edn Horeca Food Safety and Hygiene Practices Training Programme SKPR2: Sprievodca Guidebook SKPR3: e-learningov\u00e1 platformaProfesion\u00e1li, ktor\u00ed pracuj\u00fa v sektore, bud\u00fa ma\u0165 \u0161kolenia, n\u00e1stroje a strat\u00e9gie: \u2013 Z\u00edskavanie nov\u00fdch odborn\u00fdch, soci\u00e1lnych a interkult\u00farnych kompetenci\u00ed v\u010faka porovn\u00e1vaniu strat\u00e9gi\u00ed a vzdel\u00e1vac\u00edch pr\u00edstupov s in\u00fdmi eur\u00f3pskymi pedag\u00f3gmi, zdie\u013eanie [&hellip;]<\/p>\n","protected":false},"author":1,"featured_media":0,"parent":0,"menu_order":0,"comment_status":"closed","ping_status":"closed","template":"","meta":{"_et_pb_use_builder":"on","_et_pb_old_content":"","_et_gb_content_width":"","footnotes":""},"class_list":["post-1591","page","type-page","status-publish","hentry"],"_links":{"self":[{"href":"https:\/\/horecafs.org\/web\/wp-json\/wp\/v2\/pages\/1591","targetHints":{"allow":["GET"]}}],"collection":[{"href":"https:\/\/horecafs.org\/web\/wp-json\/wp\/v2\/pages"}],"about":[{"href":"https:\/\/horecafs.org\/web\/wp-json\/wp\/v2\/types\/page"}],"author":[{"embeddable":true,"href":"https:\/\/horecafs.org\/web\/wp-json\/wp\/v2\/users\/1"}],"replies":[{"embeddable":true,"href":"https:\/\/horecafs.org\/web\/wp-json\/wp\/v2\/comments?post=1591"}],"version-history":[{"count":5,"href":"https:\/\/horecafs.org\/web\/wp-json\/wp\/v2\/pages\/1591\/revisions"}],"predecessor-version":[{"id":1860,"href":"https:\/\/horecafs.org\/web\/wp-json\/wp\/v2\/pages\/1591\/revisions\/1860"}],"wp:attachment":[{"href":"https:\/\/horecafs.org\/web\/wp-json\/wp\/v2\/media?parent=1591"}],"curies":[{"name":"wp","href":"https:\/\/api.w.org\/{rel}","templated":true}]}}