{"id":1603,"date":"2023-09-21T12:50:24","date_gmt":"2023-09-21T12:50:24","guid":{"rendered":"https:\/\/horecafs.org\/web\/?page_id=1603"},"modified":"2023-09-25T06:42:26","modified_gmt":"2023-09-25T06:42:26","slug":"hakkinda","status":"publish","type":"page","link":"https:\/\/horecafs.org\/web\/tr\/hakkinda\/","title":{"rendered":"Hakk\u0131nda"},"content":{"rendered":"<p>[et_pb_section fb_built=&#8221;1&#8243; fullwidth=&#8221;on&#8221; _builder_version=&#8221;4.19.4&#8243; _module_preset=&#8221;default&#8221; background_enable_image=&#8221;off&#8221; global_colors_info=&#8221;{}&#8221;][et_pb_fullwidth_header title=&#8221;Proje hakk\u0131nda&#8221; background_overlay_color=&#8221;rgba(40,0,186,0.52)&#8221; _builder_version=&#8221;4.19.4&#8243; _module_preset=&#8221;default&#8221; background_enable_color=&#8221;off&#8221; background_image=&#8221;https:\/\/horecafs.org\/web\/wp-content\/uploads\/2023\/01\/blue-1_ext-1.png&#8221; child_filter_opacity=&#8221;13%&#8221; global_colors_info=&#8221;{}&#8221;][\/et_pb_fullwidth_header][\/et_pb_section][et_pb_section fb_built=&#8221;1&#8243; _builder_version=&#8221;4.19.4&#8243; _module_preset=&#8221;default&#8221; global_colors_info=&#8221;{}&#8221;][et_pb_row column_structure=&#8221;1_3,2_3&#8243; _builder_version=&#8221;4.19.4&#8243; _module_preset=&#8221;default&#8221; global_colors_info=&#8221;{}&#8221;][et_pb_column type=&#8221;1_3&#8243; _builder_version=&#8221;4.19.4&#8243; _module_preset=&#8221;default&#8221; global_colors_info=&#8221;{}&#8221;][et_pb_text _builder_version=&#8221;4.19.4&#8243; _module_preset=&#8221;default&#8221; global_colors_info=&#8221;{}&#8221;]<\/p>\n<h1 style=\"text-align: center;\"><b>Projenin hedefleri:<\/b><\/h1>\n<p>[\/et_pb_text][et_pb_image src=&#8221;https:\/\/horecafs.org\/web\/wp-content\/uploads\/2022\/12\/final-pribor-zelene-prekreslene-tien.png&#8221; title_text=&#8221;final pr\u00edbor &#8211; zelen\u00e9 prekreslen\u00e9 &#8211; tie\u0148&#8221; align=&#8221;center&#8221; _builder_version=&#8221;4.19.4&#8243; _module_preset=&#8221;default&#8221; max_height=&#8221;170px&#8221; global_colors_info=&#8221;{}&#8221;][\/et_pb_image][\/et_pb_column][et_pb_column type=&#8221;2_3&#8243; _builder_version=&#8221;4.19.4&#8243; _module_preset=&#8221;default&#8221; global_colors_info=&#8221;{}&#8221;][et_pb_text _builder_version=&#8221;4.19.4&#8243; _module_preset=&#8221;default&#8221; global_colors_info=&#8221;{}&#8221;]<\/p>\n<p style=\"text-align: justify;\"><b>Projenin temel amac\u0131, HORECA \u00e7al\u0131\u015fanlar\u0131n\u0131n g\u0131da g\u00fcvenli\u011fi ve hijyen uygulamalar\u0131na ili\u015fkin dijital fark\u0131ndal\u0131\u011f\u0131n\u0131 art\u0131rmakt\u0131r.<\/b><\/p>\n<p style=\"text-align: justify;\">\n<p style=\"text-align: justify;\"><span style=\"font-weight: 400;\">Ana hedefe dayal\u0131 olarak, projenin \u00f6zel hedefleri \u015funlard\u0131r:<\/span><\/p>\n<ul>\n<li style=\"font-weight: 400; text-align: justify;\" aria-level=\"1\"><span style=\"font-weight: 400;\">Bilin\u00e7li HORECA \u00e7al\u0131\u015fanlar\u0131n\u0131 desteklemek, g\u0131da pazar\u0131nda haks\u0131z rekabeti azaltmak<\/span><\/li>\n<li style=\"font-weight: 400; text-align: justify;\" aria-level=\"1\"><span style=\"font-weight: 400;\">D\u00fc\u015f\u00fck vas\u0131fl\u0131 HORECA \u00e7al\u0131\u015fanlar\u0131 i\u00e7in \u00f6\u011frenme ve e\u011fitim f\u0131rsatlar\u0131 sa\u011flamak<\/span><\/li>\n<li style=\"font-weight: 400; text-align: justify;\" aria-level=\"1\"><span style=\"font-weight: 400;\">\u0130mkanlar\u0131 k\u0131s\u0131tl\u0131 olan HORCA \u00e7al\u0131\u015fanlar\u0131n\u0131n temel yetkinliklerini geli\u015ftirerek i\u015f kapasitelerini art\u0131rmak<\/span><\/li>\n<\/ul>\n<p>[\/et_pb_text][\/et_pb_column][\/et_pb_row][\/et_pb_section][et_pb_section fb_built=&#8221;1&#8243; fullwidth=&#8221;on&#8221; _builder_version=&#8221;4.19.4&#8243; _module_preset=&#8221;default&#8221; global_colors_info=&#8221;{}&#8221;][et_pb_fullwidth_header title=&#8221;Projenin etkisi&#8221; text_orientation=&#8221;center&#8221; button_one_text=&#8221;\u00c7\u0131kt\u0131lar&#8221; button_one_url=&#8221;https:\/\/horecafs.org\/web\/tr\/ciktilar\/&#8221; _builder_version=&#8221;4.19.4&#8243; _module_preset=&#8221;default&#8221; background_color=&#8221;#2800ba&#8221; custom_button_one=&#8221;on&#8221; button_one_icon=&#8221;&#x3d;||divi||400&#8243; link_option_url_new_window=&#8221;on&#8221; hover_enabled=&#8221;0&#8243; global_colors_info=&#8221;{}&#8221; sticky_enabled=&#8221;0&#8243;]<\/p>\n<p><span style=\"font-weight: 400;\">Proje ortaklar\u0131, birincil payda\u015flarla y\u00fcksek kaliteli ileti\u015fim ve i\u015fbirli\u011fi sa\u011flayacak ve bu payda\u015flar arac\u0131l\u0131\u011f\u0131yla bir\u00e7ok son kullan\u0131c\u0131ya proje \u00e7\u0131kt\u0131lar\u0131n\u0131n aktar\u0131lmas\u0131n\u0131 sa\u011flayacakt\u0131r. B\u00f6ylece \u00e7arpan etkisinin y\u00fcksek olmas\u0131 sa\u011flanacakt\u0131r.<\/span><\/p>\n<p>[\/et_pb_fullwidth_header][\/et_pb_section][et_pb_section fb_built=&#8221;1&#8243; _builder_version=&#8221;4.19.4&#8243; _module_preset=&#8221;default&#8221; global_colors_info=&#8221;{}&#8221;][et_pb_row _builder_version=&#8221;4.19.4&#8243; _module_preset=&#8221;default&#8221; global_colors_info=&#8221;{}&#8221;][et_pb_column type=&#8221;4_4&#8243; _builder_version=&#8221;4.19.4&#8243; _module_preset=&#8221;default&#8221; global_colors_info=&#8221;{}&#8221;][et_pb_text _builder_version=&#8221;4.19.4&#8243; _module_preset=&#8221;default&#8221; global_colors_info=&#8221;{}&#8221;]<\/p>\n<p style=\"text-align: center;\"><b>Profesyoneller \u00fczerindeki etkisi:<\/b><\/p>\n<p>[\/et_pb_text][\/et_pb_column][\/et_pb_row][et_pb_row column_structure=&#8221;1_2,1_2&#8243; _builder_version=&#8221;4.19.4&#8243; _module_preset=&#8221;default&#8221; border_width_bottom=&#8221;5px&#8221; border_color_bottom=&#8221;RGBA(40,0,186,0.8)&#8221; global_colors_info=&#8221;{}&#8221;][et_pb_column type=&#8221;1_2&#8243; _builder_version=&#8221;4.19.4&#8243; _module_preset=&#8221;default&#8221; global_colors_info=&#8221;{}&#8221;][et_pb_text _builder_version=&#8221;4.19.4&#8243; _module_preset=&#8221;default&#8221; global_colors_info=&#8221;{}&#8221;]<\/p>\n<h3><\/h3>\n<p><strong>Sekt\u00f6rde \u00e7al\u0131\u015fan profesyonellerin sahip olmas\u0131 gereken e\u011fitim, ara\u00e7 ve stratejiler:\u00a0<\/strong><\/p>\n<ul>\n<li style=\"font-weight: 400;\" aria-level=\"1\"><span style=\"font-weight: 400;\">Stratejilerin ve e\u011fitim yakla\u015f\u0131mlar\u0131n\u0131n di\u011fer Avrupal\u0131 e\u011fitimcilerle kar\u015f\u0131la\u015ft\u0131r\u0131lmas\u0131 ve di\u011fer meslekta\u015flarla payla\u015f\u0131lmas\u0131 sayesinde yeni profesyonel, sosyal ve k\u00fclt\u00fcrleraras\u0131 yeterliliklerin kazan\u0131lmas\u0131<\/span><\/li>\n<li style=\"font-weight: 400;\" aria-level=\"1\"><span style=\"font-weight: 400;\">Uluslararas\u0131 d\u00fczeyde i\u015fyerine entegre olma ve uyum sa\u011flama yetene\u011fi, de\u011fi\u015fime uyum sa\u011flama yetene\u011fi ve \u00e7al\u0131\u015fma esnekli\u011fi<\/span><\/li>\n<\/ul>\n<p>[\/et_pb_text][\/et_pb_column][et_pb_column type=&#8221;1_2&#8243; _builder_version=&#8221;4.19.4&#8243; _module_preset=&#8221;default&#8221; global_colors_info=&#8221;{}&#8221;][et_pb_text _builder_version=&#8221;4.19.4&#8243; _module_preset=&#8221;default&#8221; global_colors_info=&#8221;{}&#8221;]<\/p>\n<p><strong><\/strong><\/p>\n<p><strong>Avrupa d\u00fczeyinde, \u00e7al\u0131\u015fanlara a\u015fa\u011f\u0131dakileri sa\u011flamak:<\/strong><\/p>\n<ul>\n<li style=\"font-weight: 400;\" aria-level=\"1\"><span style=\"font-weight: 400;\">Yeni i\u015f ba\u011flamlar\u0131nda ki\u015fileraras\u0131 beceriler;<\/span><\/li>\n<li style=\"font-weight: 400;\" aria-level=\"1\"><span style=\"font-weight: 400;\">K\u00fclt\u00fcrleraras\u0131 ve Avrupa duyarl\u0131l\u0131\u011f\u0131;<\/span><\/li>\n<li style=\"font-weight: 400;\" aria-level=\"1\"><span style=\"font-weight: 400;\">Dil becerileri veya ev sahibi \u00fclkede konu\u015fulan dil ve\/veya \u00e7al\u0131\u015fma dili \u0130ngilizce ile ilgili.<\/span><\/li>\n<li style=\"font-weight: 400;\" aria-level=\"1\"><span style=\"font-weight: 400;\">Proje s\u0131ras\u0131nda kullan\u0131lan dijital ve multimedya ara\u00e7lar\u0131n\u0131n m\u00fckemmel kullan\u0131m\u0131ndan ve ikonik, geleneksel ve duygusal t\u00fcm ileti\u015fim dillerinin kullan\u0131m\u0131ndan elde edilen beceriler veya B\u0130T.<\/span><\/li>\n<\/ul>\n<p>[\/et_pb_text][\/et_pb_column][\/et_pb_row][et_pb_row use_custom_gutter=&#8221;on&#8221; _builder_version=&#8221;4.19.4&#8243; _module_preset=&#8221;default&#8221; border_width_bottom=&#8221;5px&#8221; border_color_bottom=&#8221;RGBA(40,0,186,0.8)&#8221; global_colors_info=&#8221;{}&#8221;][et_pb_column type=&#8221;4_4&#8243; _builder_version=&#8221;4.19.4&#8243; _module_preset=&#8221;default&#8221; global_colors_info=&#8221;{}&#8221;][et_pb_text _builder_version=&#8221;4.19.4&#8243; _module_preset=&#8221;default&#8221; global_colors_info=&#8221;{}&#8221;]<\/p>\n<p style=\"text-align: center;\"><strong>HORECA \u00e7al\u0131\u015fanlar\u0131 \u00fczerindeki etki:<\/strong><\/p>\n<p>[\/et_pb_text][et_pb_text _builder_version=&#8221;4.19.4&#8243; _module_preset=&#8221;default&#8221; global_colors_info=&#8221;{}&#8221;]<\/p>\n<p style=\"text-align: justify;\">Geli\u015ftirilen materyaller, sadece proje ortaklar\u0131n\u0131n bulundu\u011fu \u00fclkelerde de\u011fil, Avrupa&#8217;n\u0131n her yerindeki HORECA \u00e7al\u0131\u015fanlar\u0131n\u0131 do\u011frudan ilgilendirmektedir. \u00c7\u00fcnk\u00fc geli\u015ftirilen stratejiler, \u00f6zellikle ileti\u015fimin artt\u0131r\u0131lmas\u0131, ortamlar, Avrupa&#8217;da daha iyi ve rahat bir hayat ya\u015fama f\u0131rsatlar\u0131n\u0131 art\u0131racakt\u0131r. G\u0131da g\u00fcvenli\u011fi ile ilgili bu \u00e7al\u0131\u015fmalar\u0131n artmas\u0131 ile HORECA \u00e7al\u0131\u015fanlar\u0131 gerekli malzemelere kolayca ula\u015fma \u015fans\u0131 bulacakt\u0131r. Bu \u00e7al\u0131\u015fmalar, t\u00fcketicilere yard\u0131mc\u0131 olmak i\u00e7in sa\u011fl\u0131kl\u0131 g\u0131da kullan\u0131m\u0131 a\u00e7\u0131s\u0131ndan spesifik bilgilerin g\u00f6r\u00fcn\u00fcrl\u00fc\u011f\u00fcn\u00fcn artmas\u0131na katk\u0131da bulunacakt\u0131r.<\/p>\n<p>[\/et_pb_text][\/et_pb_column][\/et_pb_row][\/et_pb_section][et_pb_section fb_built=&#8221;1&#8243; _builder_version=&#8221;4.19.4&#8243; _module_preset=&#8221;default&#8221; background_color=&#8221;rgba(255,255,255,0.71)&#8221; background_image=&#8221;https:\/\/horecafs.org\/wp-content\/uploads\/2022\/12\/blue-1.png&#8221; background_blend=&#8221;overlay&#8221; custom_padding=&#8221;0px|||||&#8221; global_colors_info=&#8221;{}&#8221;][et_pb_row _builder_version=&#8221;4.19.4&#8243; _module_preset=&#8221;default&#8221; global_colors_info=&#8221;{}&#8221;][et_pb_column type=&#8221;4_4&#8243; _builder_version=&#8221;4.19.4&#8243; _module_preset=&#8221;default&#8221; global_colors_info=&#8221;{}&#8221;][et_pb_text _builder_version=&#8221;4.19.4&#8243; _module_preset=&#8221;default&#8221; global_colors_info=&#8221;{}&#8221;]<\/p>\n<h1><span style=\"font-weight: 400;\">BEKLENEN SONU\u00c7LAR:<\/span><\/h1>\n<ul>\n<li style=\"font-weight: 400;\" aria-level=\"1\"><b>Pilot Deneme:<\/b><span style=\"font-weight: 400;\"> R1, R2, R3&#8217;\u00fc Test Eden Her Ortak \u00dclkede Pilot Laboratuarlar Ger\u00e7ekle\u015ftirilecek<\/span><\/li>\n<li style=\"font-weight: 400;\" aria-level=\"1\"><b>Payda\u015flarla Toplant\u0131lar:<\/b><span style=\"font-weight: 400;\"> Katk\u0131lar\u0131, proje boyunca daha iyi bir ilerlemeyi garanti edecektir.<\/span><\/li>\n<li style=\"font-weight: 400;\" aria-level=\"1\"><b>\u00c7o\u011falt\u0131c\u0131 Etkinlikler:<\/b><span style=\"font-weight: 400;\"> Projenin son aylar\u0131nda, her bir ortak, t\u00fcm sonu\u00e7lar\u0131n payla\u015f\u0131laca\u011f\u0131 ve payda\u015flara, yerel hedef gruplara ve ziyaret\u00e7ilere tan\u0131t\u0131laca\u011f\u0131 panellerden olu\u015fan 1 \u00c7o\u011faltan Etkinlik d\u00fczenleyecektir.<\/span><\/li>\n<li style=\"font-weight: 400;\" aria-level=\"1\"><span style=\"font-weight: 400;\">\u0130ngilizce ve t\u00fcm Ulusal Dillerde projenin web sitesi<\/span><\/li>\n<li style=\"font-weight: 400;\" aria-level=\"1\"><span style=\"font-weight: 400;\">B\u00fcltenler<\/span><\/li>\n<\/ul>\n<h1><\/h1>\n<h2><span style=\"font-weight: 400;\">Sonu\u00e7lar\u0131 tamamlarken, ortaklar ayr\u0131ca a\u015fa\u011f\u0131daki sonu\u00e7lar\u0131 da sa\u011flayacakt\u0131r:<\/span><\/h2>\n<ul>\n<li style=\"font-weight: 400;\" aria-level=\"1\"><span style=\"font-weight: 400;\">Proje Y\u00f6netimi ve Kalite Plan\u0131<\/span><\/li>\n<li style=\"font-weight: 400;\" aria-level=\"1\"><span style=\"font-weight: 400;\">Payla\u015f\u0131m, Kullan\u0131m ve S\u00fcrd\u00fcr\u00fclebilirlik Plan\u0131<\/span><\/li>\n<li style=\"font-weight: 400;\" aria-level=\"1\"><span style=\"font-weight: 400;\">Her ortak taraf\u0131ndan proje toplant\u0131s\u0131n\u0131n takibi (3 F2F ve 2 \u00c7evrimi\u00e7i)<\/span><\/li>\n<li style=\"font-weight: 400;\" aria-level=\"1\"><span style=\"font-weight: 400;\">Raporlar (\u00f6r. etkinlik, finans, payla\u015f\u0131m ve tan\u0131t\u0131m, \u0130lerleme, Ara, Nihai)<\/span><\/li>\n<li style=\"font-weight: 400;\" aria-level=\"1\"><span style=\"font-weight: 400;\">Proje logosu, web sitesi, FB, Instagram ve Youtube kanal\u0131, 3 B\u00fclten,<\/span><\/li>\n<li style=\"font-weight: 400;\" aria-level=\"1\"><span style=\"font-weight: 400;\">\u00c7evrimi\u00e7i platforma eri\u015fmek i\u00e7in 350 kullan\u0131c\u0131<\/span><\/li>\n<li style=\"font-weight: 400;\" aria-level=\"1\"><span style=\"font-weight: 400;\">T\u00fcm materyaller \u0130ngilizce ve t\u00fcm ortak dillerde haz\u0131rlanacakt\u0131r.<\/span><\/li>\n<\/ul>\n<p>[\/et_pb_text][\/et_pb_column][\/et_pb_row][\/et_pb_section]<\/p>\n","protected":false},"excerpt":{"rendered":"<p>Projenin hedefleri:Projenin temel amac\u0131, HORECA \u00e7al\u0131\u015fanlar\u0131n\u0131n g\u0131da g\u00fcvenli\u011fi ve hijyen uygulamalar\u0131na ili\u015fkin dijital fark\u0131ndal\u0131\u011f\u0131n\u0131 art\u0131rmakt\u0131r. Ana hedefe dayal\u0131 olarak, projenin \u00f6zel hedefleri \u015funlard\u0131r: Bilin\u00e7li HORECA \u00e7al\u0131\u015fanlar\u0131n\u0131 desteklemek, g\u0131da pazar\u0131nda haks\u0131z rekabeti azaltmak D\u00fc\u015f\u00fck vas\u0131fl\u0131 HORECA \u00e7al\u0131\u015fanlar\u0131 i\u00e7in \u00f6\u011frenme ve e\u011fitim f\u0131rsatlar\u0131 sa\u011flamak \u0130mkanlar\u0131 k\u0131s\u0131tl\u0131 olan HORCA \u00e7al\u0131\u015fanlar\u0131n\u0131n temel yetkinliklerini geli\u015ftirerek i\u015f kapasitelerini art\u0131rmak Proje ortaklar\u0131, [&hellip;]<\/p>\n","protected":false},"author":1,"featured_media":0,"parent":0,"menu_order":0,"comment_status":"closed","ping_status":"closed","template":"","meta":{"_et_pb_use_builder":"on","_et_pb_old_content":"","_et_gb_content_width":"","footnotes":""},"class_list":["post-1603","page","type-page","status-publish","hentry"],"_links":{"self":[{"href":"https:\/\/horecafs.org\/web\/wp-json\/wp\/v2\/pages\/1603","targetHints":{"allow":["GET"]}}],"collection":[{"href":"https:\/\/horecafs.org\/web\/wp-json\/wp\/v2\/pages"}],"about":[{"href":"https:\/\/horecafs.org\/web\/wp-json\/wp\/v2\/types\/page"}],"author":[{"embeddable":true,"href":"https:\/\/horecafs.org\/web\/wp-json\/wp\/v2\/users\/1"}],"replies":[{"embeddable":true,"href":"https:\/\/horecafs.org\/web\/wp-json\/wp\/v2\/comments?post=1603"}],"version-history":[{"count":5,"href":"https:\/\/horecafs.org\/web\/wp-json\/wp\/v2\/pages\/1603\/revisions"}],"predecessor-version":[{"id":1724,"href":"https:\/\/horecafs.org\/web\/wp-json\/wp\/v2\/pages\/1603\/revisions\/1724"}],"wp:attachment":[{"href":"https:\/\/horecafs.org\/web\/wp-json\/wp\/v2\/media?parent=1603"}],"curies":[{"name":"wp","href":"https:\/\/api.w.org\/{rel}","templated":true}]}}