{"id":1616,"date":"2023-09-21T13:09:25","date_gmt":"2023-09-21T13:09:25","guid":{"rendered":"https:\/\/horecafs.org\/web\/?page_id=1616"},"modified":"2024-10-07T10:48:09","modified_gmt":"2024-10-07T10:48:09","slug":"ciktilar","status":"publish","type":"page","link":"https:\/\/horecafs.org\/web\/tr\/ciktilar\/","title":{"rendered":"\u00c7\u0131kt\u0131lar"},"content":{"rendered":"<p>[et_pb_section fb_built=&#8221;1&#8243; custom_padding_last_edited=&#8221;off|tablet&#8221; admin_label=&#8221;Header&#8221; _builder_version=&#8221;4.19.4&#8243; _module_preset=&#8221;default&#8221; background_enable_color=&#8221;off&#8221; use_background_color_gradient=&#8221;on&#8221; background_color_gradient_direction=&#8221;90deg&#8221; background_color_gradient_stops=&#8221;#2800ba 0%|rgba(0,0,0,0) 100%&#8221; background_color_gradient_overlays_image=&#8221;on&#8221; background_color_gradient_start=&#8221;#8300e9&#8243; background_color_gradient_end=&#8221;rgba(0,0,0,0)&#8221; background_image=&#8221;https:\/\/horecafs.org\/web\/wp-content\/uploads\/2023\/01\/blue-1_ext-1.png&#8221; custom_padding=&#8221;10vw||0px||false|false&#8221; custom_padding_tablet=&#8221;||||false|false&#8221; global_colors_info=&#8221;{}&#8221;][et_pb_row _builder_version=&#8221;4.16&#8243; _module_preset=&#8221;default&#8221; global_colors_info=&#8221;{}&#8221;][et_pb_column type=&#8221;4_4&#8243; _builder_version=&#8221;4.16&#8243; _module_preset=&#8221;default&#8221; global_colors_info=&#8221;{}&#8221;][et_pb_divider show_divider=&#8221;off&#8221; _builder_version=&#8221;4.19.4&#8243; _module_preset=&#8221;default&#8221; background_image=&#8221;https:\/\/horecafs.org\/wp-content\/uploads\/2022\/12\/high-school_48.png&#8221; background_size=&#8221;initial&#8221; background_position=&#8221;top_left&#8221; background_repeat=&#8221;repeat-x&#8221; custom_margin=&#8221;|380px|10px|-30vw|false|false&#8221; global_colors_info=&#8221;{}&#8221;][\/et_pb_divider][et_pb_text _builder_version=&#8221;4.19.4&#8243; _module_preset=&#8221;e598b17a-9229-42f6-b238-019d6094332e&#8221; header_font=&#8221;ABeeZee|500|||||||&#8221; header_text_color=&#8221;#FFFFFF&#8221; header_font_size=&#8221;80px&#8221; header_line_height=&#8221;1.15em&#8221; max_width=&#8221;800px&#8221; header_font_size_tablet=&#8221;40px&#8221; header_font_size_phone=&#8221;24px&#8221; header_font_size_last_edited=&#8221;on|desktop&#8221; locked=&#8221;off&#8221; global_colors_info=&#8221;{}&#8221;]<\/p>\n<h1>\u00c7\u0131kt\u0131lar<\/h1>\n<h1><span style=\"color: #ffffff;\">Project results<\/span><\/h1>\n<p>[\/et_pb_text][\/et_pb_column][\/et_pb_row][\/et_pb_section][et_pb_section fb_built=&#8221;1&#8243; _builder_version=&#8221;4.19.4&#8243; _module_preset=&#8221;default&#8221; global_colors_info=&#8221;{}&#8221;][et_pb_row _builder_version=&#8221;4.19.4&#8243; _module_preset=&#8221;default&#8221; global_colors_info=&#8221;{}&#8221;][et_pb_column type=&#8221;4_4&#8243; _builder_version=&#8221;4.19.4&#8243; _module_preset=&#8221;default&#8221; global_colors_info=&#8221;{}&#8221;][et_pb_text _builder_version=&#8221;4.19.4&#8243; _module_preset=&#8221;default&#8221; hover_enabled=&#8221;0&#8243; global_colors_info=&#8221;{}&#8221; custom_padding=&#8221;0px|||||&#8221; sticky_enabled=&#8221;0&#8243;]<\/p>\n<h1><span style=\"font-weight: 400;\">PR1:<a href=\"https:\/\/horecafs.org\/web\/wp-content\/uploads\/2024\/10\/Horeca-Food-Safety-and-Hygiene-Practices-Training-Programme-TR-1.pdf\" target=\"_blank\" rel=\"noopener\" title=\"Horeca G\u0131da G\u00fcvenli\u011fi ve Hijyen Uygulamalar\u0131 E\u011fitim Program\u0131\">Horeca G\u0131da G\u00fcvenli\u011fi ve Hijyen Uygulamalar\u0131 E\u011fitim Program\u0131<\/a><\/span><\/h1>\n<p><span style=\"font-weight: 400;\"><a href=\"https:\/\/horecafs.org\/web\/wp-content\/uploads\/2024\/10\/Horeca-Food-Safety-and-Hygiene-Practices-Training-Programme-TR-1.pdf\" rel=\"attachment wp-att-1845\">Horeca Food Safety and Hygiene Practices Training Programme TR<\/a><\/span><\/p>\n<p>[\/et_pb_text][et_pb_text _builder_version=&#8221;4.19.4&#8243; _module_preset=&#8221;default&#8221; hover_enabled=&#8221;0&#8243; global_colors_info=&#8221;{}&#8221; custom_padding=&#8221;7px|||||&#8221; sticky_enabled=&#8221;0&#8243;]<\/p>\n<h1><a href=\"https:\/\/horecafs.org\/web\/wp-content\/uploads\/2024\/10\/Guidebook-TR.pdf\" target=\"_blank\" rel=\"noopener\" title=\"Rehber Kitap\"><span style=\"font-weight: 400;\">PR2: Horeca Mesleki E\u011fitim ve<\/span> \u00d6\u011fretim<span style=\"font-weight: 400;\"> e\u011fitmenleri i\u00e7in rehber kitap<\/span><\/a><\/h1>\n<p><span style=\"font-weight: 400;\"><a href=\"https:\/\/horecafs.org\/web\/wp-content\/uploads\/2024\/10\/Guidebook-TR-1.pdf\" rel=\"attachment wp-att-1851\">Guidebook TR<\/a><\/span><\/p>\n<p>[\/et_pb_text][et_pb_text _builder_version=&#8221;4.19.4&#8243; _module_preset=&#8221;default&#8221; hover_enabled=&#8221;0&#8243; global_colors_info=&#8221;{}&#8221; sticky_enabled=&#8221;0&#8243;]<\/p>\n<h1><span style=\"font-weight: 400;\">PR3: <a href=\"https:\/\/horecafs.org\/lms\" target=\"_blank\" rel=\"noopener\" title=\"e-\u00f6\u011frenme platformu\u00a0\">e-\u00f6\u011frenme platformu\u00a0<\/a><\/span><\/h1>\n<p>[\/et_pb_text][\/et_pb_column][\/et_pb_row][et_pb_row _builder_version=&#8221;4.19.4&#8243; _module_preset=&#8221;default&#8221; border_width_top=&#8221;5px&#8221; border_color_top=&#8221;#2800ba&#8221; border_width_left=&#8221;5px&#8221; border_color_left=&#8221;#2800BA&#8221; global_colors_info=&#8221;{}&#8221;][et_pb_column type=&#8221;4_4&#8243; _builder_version=&#8221;4.19.4&#8243; _module_preset=&#8221;default&#8221; global_colors_info=&#8221;{}&#8221;][et_pb_text _builder_version=&#8221;4.19.4&#8243; _module_preset=&#8221;default&#8221; custom_padding=&#8221;|||20px|false|false&#8221; global_colors_info=&#8221;{}&#8221;]<\/p>\n<p style=\"text-align: justify;\"><b>Sekt\u00f6rde \u00e7al\u0131\u015fan profesyonellerin sahip olmas\u0131 gereken e\u011fitim, ara\u00e7 ve stratejiler:<\/b><\/p>\n<p style=\"text-align: justify;\"><span style=\"font-weight: 400;\">\u2013 Stratejilerin ve e\u011fitim yakla\u015f\u0131mlar\u0131n\u0131n di\u011fer Avrupal\u0131 e\u011fitimcilerle kar\u015f\u0131la\u015ft\u0131r\u0131lmas\u0131 ve di\u011fer meslekta\u015flarla payla\u015f\u0131lmas\u0131 sayesinde yeni mesleki, sosyal ve k\u00fclt\u00fcrleraras\u0131 yeterliliklerin kazan\u0131lmas\u0131<\/span><\/p>\n<p style=\"text-align: justify;\"><span style=\"font-weight: 400;\">\u2013 Uluslararas\u0131 i\u015fyerine entegre olma ve uyum sa\u011flama yetene\u011fi, de\u011fi\u015fime uyum sa\u011flama yetene\u011fi ve Avrupa d\u00fczeyinde \u00e7al\u0131\u015fma esnekli\u011finin sa\u011flanmas\u0131;<\/span><\/p>\n<ul style=\"text-align: justify;\">\n<li style=\"font-weight: 400;\" aria-level=\"1\"><span style=\"font-weight: 400;\">Yeni i\u015f ba\u011flamlar\u0131nda ki\u015fileraras\u0131 beceriler;<\/span><\/li>\n<li style=\"font-weight: 400;\" aria-level=\"1\"><span style=\"font-weight: 400;\">K\u00fclt\u00fcrleraras\u0131 ve Avrupa duyarl\u0131l\u0131\u011f\u0131;<\/span><\/li>\n<li style=\"font-weight: 400;\" aria-level=\"1\"><span style=\"font-weight: 400;\">Proje s\u0131ras\u0131nda kullan\u0131lan dijital ve multimedya ara\u00e7lar\u0131n\u0131n kullan\u0131m\u0131ndan ve ikonik, geleneksel ve duygusal t\u00fcm ileti\u015fim dillerinin kullan\u0131m\u0131ndan elde edilen beceriler veya B\u0130T.<\/span><\/li>\n<\/ul>\n<p style=\"text-align: justify;\"><span style=\"font-weight: 400;\">HORECA \u00e7al\u0131\u015fanlar\u0131n\u0131n g\u0131da g\u00fcvenli\u011fi ve hijyen uygulamalar\u0131 konusundaki bilgi d\u00fczeylerinin iyile\u015ftirilmesi yoluyla \u00f6zellikle mesleki becerilerin geli\u015ftirilmesi, \u00e7al\u0131\u015fma ortamlar\u0131n\u0131n ve ko\u015fullar\u0131n\u0131n kalitesinin iyile\u015ftirilmesi alanlar\u0131nda e\u011fitim ortamlar\u0131n\u0131n kalitesini ve verimlili\u011fini art\u0131rmay\u0131 ama\u00e7layan stratejiler, Avrupa&#8217;da daha iyi ve rahat bir hayat ya\u015fama f\u0131rsatlar\u0131.<\/span><\/p>\n<p>[\/et_pb_text][\/et_pb_column][\/et_pb_row][\/et_pb_section]<\/p>\n","protected":false},"excerpt":{"rendered":"<p>\u00c7\u0131kt\u0131lar Project resultsPR1:Horeca G\u0131da G\u00fcvenli\u011fi ve Hijyen Uygulamalar\u0131 E\u011fitim Program\u0131 Horeca Food Safety and Hygiene Practices Training Programme TRPR2: Horeca Mesleki E\u011fitim ve \u00d6\u011fretim e\u011fitmenleri i\u00e7in rehber kitap Guidebook TRPR3: e-\u00f6\u011frenme platformu\u00a0Sekt\u00f6rde \u00e7al\u0131\u015fan profesyonellerin sahip olmas\u0131 gereken e\u011fitim, ara\u00e7 ve stratejiler: \u2013 Stratejilerin ve e\u011fitim yakla\u015f\u0131mlar\u0131n\u0131n di\u011fer Avrupal\u0131 e\u011fitimcilerle kar\u015f\u0131la\u015ft\u0131r\u0131lmas\u0131 ve di\u011fer meslekta\u015flarla payla\u015f\u0131lmas\u0131 sayesinde [&hellip;]<\/p>\n","protected":false},"author":1,"featured_media":0,"parent":0,"menu_order":0,"comment_status":"closed","ping_status":"closed","template":"","meta":{"_et_pb_use_builder":"on","_et_pb_old_content":"","_et_gb_content_width":"","footnotes":""},"class_list":["post-1616","page","type-page","status-publish","hentry"],"_links":{"self":[{"href":"https:\/\/horecafs.org\/web\/wp-json\/wp\/v2\/pages\/1616","targetHints":{"allow":["GET"]}}],"collection":[{"href":"https:\/\/horecafs.org\/web\/wp-json\/wp\/v2\/pages"}],"about":[{"href":"https:\/\/horecafs.org\/web\/wp-json\/wp\/v2\/types\/page"}],"author":[{"embeddable":true,"href":"https:\/\/horecafs.org\/web\/wp-json\/wp\/v2\/users\/1"}],"replies":[{"embeddable":true,"href":"https:\/\/horecafs.org\/web\/wp-json\/wp\/v2\/comments?post=1616"}],"version-history":[{"count":8,"href":"https:\/\/horecafs.org\/web\/wp-json\/wp\/v2\/pages\/1616\/revisions"}],"predecessor-version":[{"id":1852,"href":"https:\/\/horecafs.org\/web\/wp-json\/wp\/v2\/pages\/1616\/revisions\/1852"}],"wp:attachment":[{"href":"https:\/\/horecafs.org\/web\/wp-json\/wp\/v2\/media?parent=1616"}],"curies":[{"name":"wp","href":"https:\/\/api.w.org\/{rel}","templated":true}]}}