{"id":1677,"date":"2023-09-22T10:43:34","date_gmt":"2023-09-22T10:43:34","guid":{"rendered":"https:\/\/horecafs.org\/web\/?page_id=1677"},"modified":"2024-10-07T11:30:36","modified_gmt":"2024-10-07T11:30:36","slug":"rezultaty","status":"publish","type":"page","link":"https:\/\/horecafs.org\/web\/pl\/rezultaty\/","title":{"rendered":"Rezultaty"},"content":{"rendered":"<p>[et_pb_section fb_built=&#8221;1&#8243; custom_padding_last_edited=&#8221;off|tablet&#8221; admin_label=&#8221;Header&#8221; _builder_version=&#8221;4.19.4&#8243; _module_preset=&#8221;default&#8221; background_enable_color=&#8221;off&#8221; use_background_color_gradient=&#8221;on&#8221; background_color_gradient_direction=&#8221;90deg&#8221; background_color_gradient_stops=&#8221;#2800ba 0%|rgba(0,0,0,0) 100%&#8221; background_color_gradient_overlays_image=&#8221;on&#8221; background_color_gradient_start=&#8221;#8300e9&#8243; background_color_gradient_end=&#8221;rgba(0,0,0,0)&#8221; background_image=&#8221;https:\/\/horecafs.org\/web\/wp-content\/uploads\/2023\/01\/blue-1_ext-1.png&#8221; custom_padding=&#8221;10vw||0px||false|false&#8221; custom_padding_tablet=&#8221;||||false|false&#8221; global_colors_info=&#8221;{}&#8221;][et_pb_row _builder_version=&#8221;4.16&#8243; _module_preset=&#8221;default&#8221; global_colors_info=&#8221;{}&#8221;][et_pb_column type=&#8221;4_4&#8243; _builder_version=&#8221;4.16&#8243; _module_preset=&#8221;default&#8221; global_colors_info=&#8221;{}&#8221;][et_pb_divider show_divider=&#8221;off&#8221; _builder_version=&#8221;4.19.4&#8243; _module_preset=&#8221;default&#8221; background_image=&#8221;https:\/\/horecafs.org\/wp-content\/uploads\/2022\/12\/high-school_48.png&#8221; background_size=&#8221;initial&#8221; background_position=&#8221;top_left&#8221; background_repeat=&#8221;repeat-x&#8221; custom_margin=&#8221;|380px|10px|-30vw|false|false&#8221; global_colors_info=&#8221;{}&#8221;][\/et_pb_divider][et_pb_text _builder_version=&#8221;4.19.4&#8243; _module_preset=&#8221;e598b17a-9229-42f6-b238-019d6094332e&#8221; header_font=&#8221;ABeeZee|500|||||||&#8221; header_text_color=&#8221;#FFFFFF&#8221; header_font_size=&#8221;80px&#8221; header_line_height=&#8221;1.15em&#8221; max_width=&#8221;800px&#8221; header_font_size_tablet=&#8221;40px&#8221; header_font_size_phone=&#8221;24px&#8221; header_font_size_last_edited=&#8221;on|desktop&#8221; locked=&#8221;off&#8221; global_colors_info=&#8221;{}&#8221;]<\/p>\n<h1><span style=\"font-weight: 400;\">Rezultat<\/span><\/h1>\n<h1><span style=\"font-weight: 400;\">Wyniki projektu<\/span><\/h1>\n<p>[\/et_pb_text][\/et_pb_column][\/et_pb_row][\/et_pb_section][et_pb_section fb_built=&#8221;1&#8243; _builder_version=&#8221;4.19.4&#8243; _module_preset=&#8221;default&#8221; global_colors_info=&#8221;{}&#8221;][et_pb_row _builder_version=&#8221;4.19.4&#8243; _module_preset=&#8221;default&#8221; global_colors_info=&#8221;{}&#8221;][et_pb_column type=&#8221;4_4&#8243; _builder_version=&#8221;4.19.4&#8243; _module_preset=&#8221;default&#8221; global_colors_info=&#8221;{}&#8221;][et_pb_text _builder_version=&#8221;4.19.4&#8243; _module_preset=&#8221;default&#8221; hover_enabled=&#8221;0&#8243; global_colors_info=&#8221;{}&#8221; sticky_enabled=&#8221;0&#8243;]<\/p>\n<h1><span style=\"font-weight: 400;\">PR1: <a href=\"https:\/\/horecafs.org\/web\/wp-content\/uploads\/2024\/10\/Horeca-Food-Safety-and-Hygiene-Practices-Training-Programme-PL.pdf\" target=\"_blank\" rel=\"noopener\" title=\"Program szkoleniowy dotycz\u0105cy bezpiecze\u0144stwa \u017cywno\u015bci i praktyk higienicznych Horeca\u00a0\">Program szkoleniowy dotycz\u0105cy bezpiecze\u0144stwa \u017cywno\u015bci i praktyk higienicznych Horeca\u00a0<\/a><\/span><\/h1>\n<p><span style=\"font-weight: 400;\"><a href=\"https:\/\/horecafs.org\/web\/wp-content\/uploads\/2024\/10\/Horeca-Food-Safety-and-Hygiene-Practices-Training-Programme-PL.pdf\" rel=\"attachment wp-att-1870\">Horeca Food Safety and Hygiene Practices Training Programme PL<\/a><\/span><\/p>\n<p><span style=\"font-weight: 400;\"><\/span><\/p>\n<p>[\/et_pb_text][et_pb_text _builder_version=&#8221;4.19.4&#8243; _module_preset=&#8221;default&#8221; hover_enabled=&#8221;0&#8243; global_colors_info=&#8221;{}&#8221; sticky_enabled=&#8221;0&#8243;]<\/p>\n<h1><span style=\"font-weight: 400;\">PR2: <a href=\"https:\/\/horecafs.org\/web\/wp-content\/uploads\/2024\/10\/Guidebook-PL.pdf\" target=\"_blank\" rel=\"noopener\" title=\"Poradnik dla trener\u00f3w VET Horeca\">Poradnik dla trener\u00f3w VET Horeca<\/a><\/span><\/h1>\n<p><span style=\"font-weight: 400;\"><a href=\"https:\/\/horecafs.org\/web\/wp-content\/uploads\/2024\/10\/Guidebook-PL.pdf\" rel=\"attachment noopener wp-att-1872\" target=\"_blank\">Guidebook PL<\/a><\/span><\/p>\n<p>[\/et_pb_text][et_pb_text _builder_version=&#8221;4.19.4&#8243; _module_preset=&#8221;default&#8221; hover_enabled=&#8221;0&#8243; global_colors_info=&#8221;{}&#8221; sticky_enabled=&#8221;0&#8243;]<\/p>\n<h1><span style=\"font-weight: 400;\">PR3: <a href=\"https:\/\/horecafs.org\/lms\/\" target=\"_blank\" rel=\"noopener\" title=\"Platforma e-learningowa\">Platforma e-learningowa<\/a> <\/span><\/h1>\n<p>[\/et_pb_text][\/et_pb_column][\/et_pb_row][et_pb_row _builder_version=&#8221;4.19.4&#8243; _module_preset=&#8221;default&#8221; border_width_top=&#8221;5px&#8221; border_color_top=&#8221;#2800ba&#8221; border_width_left=&#8221;5px&#8221; border_color_left=&#8221;#2800BA&#8221; global_colors_info=&#8221;{}&#8221;][et_pb_column type=&#8221;4_4&#8243; _builder_version=&#8221;4.19.4&#8243; _module_preset=&#8221;default&#8221; global_colors_info=&#8221;{}&#8221;][et_pb_text _builder_version=&#8221;4.19.4&#8243; _module_preset=&#8221;default&#8221; custom_padding=&#8221;|||20px|false|false&#8221; global_colors_info=&#8221;{}&#8221;]<\/p>\n<p><b>Dla profesjonalist\u00f3w, kt\u00f3rzy pracuj\u0105 w sektorze, aby mie\u0107 szkolenia, narz\u0119dzia i strategie, b\u0119d\u0105 mieli:<\/b><\/p>\n<p><span style=\"font-weight: 400;\">\u2013 Nabycie nowych kompetencji zawodowych, spo\u0142ecznych i mi\u0119dzykulturowych dzi\u0119ki por\u00f3wnaniu z innymi europejskimi edukatorami strategii i podej\u015b\u0107 edukacyjnych, dzieleniu si\u0119 z innymi kolegami<\/span><\/p>\n<p><span style=\"font-weight: 400;\">\u2013 Zdolno\u015b\u0107 do integracji i przystosowania si\u0119 do mi\u0119dzynarodowego miejsca pracy, zdolno\u015b\u0107 do przystosowania si\u0119 do zmian i elastyczno\u015b\u0107 do pracy na poziomie europejskim, zapewniaj\u0105c im;<\/span><\/p>\n<ul>\n<li style=\"font-weight: 400;\" aria-level=\"1\"><span style=\"font-weight: 400;\">Umiej\u0119tno\u015bci interpersonalne w nowych kontekstach pracy;<\/span><\/li>\n<li style=\"font-weight: 400;\" aria-level=\"1\"><span style=\"font-weight: 400;\">Uwra\u017cliwienie mi\u0119dzykulturowe i europejskie;<\/span><\/li>\n<li style=\"font-weight: 400;\" aria-level=\"1\"><span style=\"font-weight: 400;\">Umiej\u0119tno\u015bci lub technikami informacyjnymi wynikaj\u0105ce ze \u015bwietnego wykorzystania narz\u0119dzi cyfrowych i multimedialnych u\u017cywanych podczas projektu oraz wykorzystania wszystkich j\u0119zyk\u00f3w komunikacji, ikonicznych, konwencjonalnych i emocjonalnych.<\/span><\/li>\n<\/ul>\n<p><span style=\"font-weight: 400;\">Wypracowane strategie maj\u0105 na celu popraw\u0119 jako\u015bci i efektywno\u015bci \u015brodowisk szkoleniowych, zw\u0142aszcza w zakresie podnoszenia kwalifikacji zawodowych, popraw\u0119 jako\u015bci \u015brodowiska i warunk\u00f3w pracy poprzez podniesienie poziomu wiedzy pracownik\u00f3w sektora HORECA w zakresie praktyk bezpiecze\u0144stwa i higieny \u017cywno\u015bci, zwi\u0119ksz\u0105 mo\u017cliwo\u015bci lepszego i wygodniejszego \u017cycia w Europie.<\/span><\/p>\n<p>[\/et_pb_text][\/et_pb_column][\/et_pb_row][\/et_pb_section]<\/p>\n","protected":false},"excerpt":{"rendered":"<p>Rezultat Wyniki projektuPR1: Program szkoleniowy dotycz\u0105cy bezpiecze\u0144stwa \u017cywno\u015bci i praktyk higienicznych Horeca\u00a0 Horeca Food Safety and Hygiene Practices Training Programme PL PR2: Poradnik dla trener\u00f3w VET Horeca Guidebook PLPR3: Platforma e-learningowa Dla profesjonalist\u00f3w, kt\u00f3rzy pracuj\u0105 w sektorze, aby mie\u0107 szkolenia, narz\u0119dzia i strategie, b\u0119d\u0105 mieli: \u2013 Nabycie nowych kompetencji zawodowych, spo\u0142ecznych i mi\u0119dzykulturowych dzi\u0119ki por\u00f3wnaniu [&hellip;]<\/p>\n","protected":false},"author":1,"featured_media":0,"parent":0,"menu_order":0,"comment_status":"closed","ping_status":"closed","template":"","meta":{"_et_pb_use_builder":"on","_et_pb_old_content":"","_et_gb_content_width":"","footnotes":""},"class_list":["post-1677","page","type-page","status-publish","hentry"],"_links":{"self":[{"href":"https:\/\/horecafs.org\/web\/wp-json\/wp\/v2\/pages\/1677","targetHints":{"allow":["GET"]}}],"collection":[{"href":"https:\/\/horecafs.org\/web\/wp-json\/wp\/v2\/pages"}],"about":[{"href":"https:\/\/horecafs.org\/web\/wp-json\/wp\/v2\/types\/page"}],"author":[{"embeddable":true,"href":"https:\/\/horecafs.org\/web\/wp-json\/wp\/v2\/users\/1"}],"replies":[{"embeddable":true,"href":"https:\/\/horecafs.org\/web\/wp-json\/wp\/v2\/comments?post=1677"}],"version-history":[{"count":7,"href":"https:\/\/horecafs.org\/web\/wp-json\/wp\/v2\/pages\/1677\/revisions"}],"predecessor-version":[{"id":1873,"href":"https:\/\/horecafs.org\/web\/wp-json\/wp\/v2\/pages\/1677\/revisions\/1873"}],"wp:attachment":[{"href":"https:\/\/horecafs.org\/web\/wp-json\/wp\/v2\/media?parent=1677"}],"curies":[{"name":"wp","href":"https:\/\/api.w.org\/{rel}","templated":true}]}}